vided by 648?
514
What is the remainder when 14459 is divided by 12521?
1938
Calculate the remainder when 691880 is divided by 2510.
1630
Calculate the remainder when 30953 is divided by 255.
98
Calculate the remainder when 853398 is divided by 284450.
48
Calculate the remainder when 8070414 is divided by 4035192.
30
Calculate the remainder when 1245272 is divided by 12.
8
Calculate the remainder when 1948634 is divided by 1948578.
56
Calculate the remainder when 7886 is divided by 1833.
554
Calculate the remainder when 563055 is divided by 1125.
555
What is the remainder when 4204130 is divided by 850?
30
What is the remainder when 11432 is divided by 11418?
14
Calculate the remainder when 15896 is divided by 7638.
620
What is the remainder when 843 is divided by 683?
160
Calculate the remainder when 21155 is divided by 3164.
2171
Calculate the remainder when 9180766 is divided by 60004.
154
What is the remainder when 97769965 is divided by 23108?
17
What is the remainder when 11808600 is divided by 13?
11
Calculate the remainder when 422059 is divided by 140372.
943
What is the remainder when 1710190 is divided by 855087?
16
What is the remainder when 102284 is divided by 102238?
46
What is the remainder when 35533 is divided by 1663?
610
Calculate the remainder when 3869139 is divided by 2057.
1979
What is the remainder when 75335699 is divided by 73?
64
What is the remainder when 8642789 is divided by 8642770?
19
Calculate the remainder when 446760 is divided by 5956.
60
Calculate the remainder when 94971 is divided by 348.
315
Calculate the remainder when 41321541 is divided by 3774.
15
Calculate the remainder when 29629006 is divided by 30.
16
What is the remainder when 1397589 is divided by 67?
36
Calculate the remainder when 10696134 is divided by 6.
0
Calculate the remainder when 43690631 is divided by 24.
23
What is the remainder when 402726 is divided by 131?
32
Calculate the remainder when 1466842 is divided by 330.
322
What is the remainder when 89466430 is divided by 3313571?
13
What is the remainder when 246803 is divided by 92?
59
What is the remainder when 4066503 is divided by 338875?
3
What is the remainder when 186420 is divided by 8075?
695
Calculate the remainder when 3441334 is divided by 1720665.
4
What is the remainder when 10483802 is divided by 4207?
4165
Calculate the remainder when 2057964 is divided by 2254.
62
Calculate the remainder when 117186 is divided by 54551.
8084
Calculate the remainder when 527167 is divided by 1267.
95
Calculate the remainder when 158719 is divided by 3239.
8
Calculate the remainder when 27820618 is divided by 58.
48
What is the remainder when 7350239 is divided by 120?
119
Calculate the remainder when 22041643 is divided by 5620.
3
Calculate the remainder when 17173848 is divided by 60900.
48
What is the remainder when 56851101 is divided by 763?
734
Calculate the remainder when 1208683339 is divided by 785.
784
Calculate the remainder when 816511 is divided by 74224.
47
Calculate the remainder when 28877 is divided by 9128.
1493
What is the remainder when 3042358 is divided by 4267?
4254
What is the remainder when 222948 is divided by 41?
31
What is the remainder when 15755078 is divided by 220?
218
Calculate the remainder when 146497 is divided by 1393.
232
Calculate the remainder when 1196767738 is divided by 60.
58
Calculate the remainder when 13887123 is divided by 6344.
107
What is the remainder when 3203334 is divided by 496?
166
What is the remainder when 16603298 is divided by 1283?
1278
Calculate the remainder when 1562852 is divided by 138.
2
What is the remainder when 1602554 is divided by 32051?
4
Calculate the remainder when 906185 is divided by 607.
541
What is the remainder when 59083 is divided by 492?
43
Calculate the remainder when 22707 is divided by 21116.
1591
What is the remainder when 3173045 is divided by 6102?
5
Calculate the remainder when 7052674 is divided by 498.
496
What is the remainder when 14108342 is divided by 74?
20
Calculate the remainder when 791971 is divided by 52682.
1741
Calculate the remainder when 248355 is divided by 123.
18
What is the remainder when 2683629 is divided by 45484?
73
Calculate the remainder when 224575 is divided by 27456.
4927
Calculate the remainder when 323283 is divided by 2756.
831
What is the remainder when 8145687 is divided by 1106?
1103
Calculate the remainder when 441164 is divided by 103.
15
What is the remainder when 16067953 is divided by 66?
55
What is the remainder when 18509 is divided by 4557?
281
Calculate the remainder when 644315 is divided by 137.
4
Calculate the remainder when 411410 is divided by 606.
542
Calculate the remainder when 13417500 is divided by 103.
102
What is the remainder when 53308224 is divided by 21670?
24
What is the remainder when 50464704 is divided by 727?
726
Calculate the remainder when 21862 is divided by 242.
82
What is the remainder when 7847 is divided by 3265?
1317
Calculate the remainder when 11006 is divided by 1369.
54
Calculate the remainder when 13737586 is divided by 4579189.
19
What is the remainder when 46543720 is divided by 2307?
2302
Calculate the remainder when 27528 is divided by 1761.
1113
What is the remainder when 74376 is divided by 47?
22
Calculate the remainder when 77390984 is divided by 17.
14
What is the remainder when 11773615 is divided by 3809?
3805
Calculate the remainder when 2822702 is divided by 2907.
5
Calculate the remainder when 391275 is divided by 391274.
1
What is the remainder when 9333646 is divided by 25?
21
What is the remainder when 575283 is divided by 213?
183
What is the remainder when 955507 is divided by 3033?
112
Calculate the remainder when 87591 is divided by 50.
41
Calculate the remainder when 57345253 is divided by 20.
13
Calculate the remainder when 26902897 is divided by 5.
2
Calculate the remainder when 7920 is divided by 2200.
1320
Calculate the remainder when 35655 is divided by 7088.
215
What is the remainder when 107447 is divided by 693?
32
What is the remainder when 4802170 is divided by 32447?
14
Calculate the remainder when 95535672 is divided by 227.
225
Calculate the remainder when 2480639 is divided by 1938.
1937
Calculate the remainder when 8160 is divided by 5320.
2840
What is the remainder when 130339 is divided by 1092?
391
What is the remainder when 505463 is divided by 5679?
32
What is the remainder when 96254 is divided by 48051?
152
Calculate the remainder when 2350725 is divided by 583.
69
What is the remainder when 9171956 is divided by 179842?
14
What is the remainder when 3638158 is divided by 279?
277
Calculate the remainder when 19112764 is divided by 1342.
0
Calculate the remainder when 8149987 is divided by 1.
0
What is the remainder when 2931548 is divided by 208?
204
Calculate the remainder when 794370 is divided by 12214.
460
Calculate the remainder when 148304 is divided by 2416.
928
Calculate the remainder when 16371009 is divided by 237261.
0
What is the remainder when 31427701 is divided by 77?
74
Calculate the remainder when 90391 is divided by 1102.
27
What is the remainder when 2392933 is divided by 1195467?
1999
Calculate the remainder when 607154043 is divided by 419.
417
What is the remainder when 1879074 is divided by 2882?
10
Calculate the remainder when 352824 is divided by 59.
4
Calculate the remainder when 440495 is divided by 5793.
227
What is the remainder when 868468 is divided by 1582?
1532
Calculate the remainder when 2804712 is divided by 350578.
88
Calculate the remainder when 116901 is divided by 41.
10
Calculate the remainder when 2716046 is divided by 953.
949
What is the remainder when 824912 is divided by 412454?
4
Calculate the remainder when 31061 is divided by 3555.
2621
What is the remainder when 35018 is divided by 116?
102
Calculate the remainder when 13618 is divided by 4529.
31
Calculate the remainder when 236332858 is divided by 493.
490
What is the remainder when 630630 is divided by 315313?
4
What is the remainder when 17071323 is divided by 11938?
11921
What is the remainder when 194589 is divided by 38894?
119
What is the remainder when 12220088 is divided by 3055020?
8
Calculate the remainder when 7767447 is divided by 6393.
6345
What is the remai